e first derivative of -2*f**2 + 32*f - 300. Determine s(7).
4
Let o(z) be the first derivative of -z**5/60 + z**4/12 - z**3/6 + 3*z**2 + 32. Let h(f) be the second derivative of o(f). Determine h(5).
-16
Let x be 3 + 3 + 3 + (-213)/24. Let y(z) be the third derivative of -8*z**2 - 1/2*z**3 + 0*z + 0 + x*z**4 - 1/20*z**5 + 1/120*z**6. Calculate y(3).
6
Let a(i) be the second derivative of 2*i**3/3 + 7*i**2/2 - 3*i. Give a(6).
31
Let y(u) = 4*u - 1. Let v(d) = d - 1. Suppose 0 = o - 0 + 1. Let q(n) = o*y(n) + 2*v(n). Suppose -5*z + 2 = -4*t + 1, -3*t - 1 = -4*z. Determine q(t).
-3
Let w(g) = -g**2 + 8*g - 5. Let i be (2/(-6))/(8/(-144)). Suppose i*x - 10 = y + x, -2 = -y - x. Let m = 5 - y. Calculate w(m).
10
Let w(n) = 4*n + 1. Let x(g) = -2*g**2 - 15*g - 9. Suppose 5*r = 4*r - 7. Let d be x(r). Let b be (-3)/(6/d) + 0. Calculate w(b).
5
Let b be ((-18)/(-8))/(6/8). Suppose -x = -b*x + 4. Let y(d) = 13*d**2 + 2*d - x - d - 12*d**2. Calculate y(-3).
4
Let j be (2/(-3))/(4/48). Let m = -11 - j. Let a(o) = -2*o**2 - 4*o - 2 + 2*o + 3*o - o**3 - o**2. What is a(m)?
-5
Let t(b) = -19*b**2 + 6*b - 4. Let n(d) = 23*d**2 - 7*d + 5. Let a(o) = -4*n(o) - 5*t(o). Give a(2).
8
Let k(y) = -1019*y**2 - 4 - y - y - 3 + 1020*y**2. Give k(5).
8
Suppose -5*m + 300 = 7*m. Let f = 57 + -27. Let o = f - m. Let y(i) = i + 4. Determine y(o).
9
Suppose 4*z = -2*k + 56, -4*k + 126 = 3*z - 2*z. Let b(s) = s**2 + 0 - 29*s - 2 + k*s. What is b(-3)?
-2
Let t(u) = -u**2 + 5*u - 1. Suppose -3*o - f = -19, 3*o - 8*o + 29 = f. Determine t(o).
-1
Let w(c) = 164*c + 140*c + 3 - 288*c. What is w(3)?
51
Let k(r) = -r**2 + r + 2. Let f(p) = -p**3 + 9*p**2 + 24*p - 23. Let l be f(11). Calculate k(l).
0
Let c(j) = j**2 - 5*j + 4. Let b be c(4). Suppose b = 5*w - 12 + 2. Let r(z) be the first derivative of -z**3/3 - 3*z**2/2 + z - 66. Calculate r(w).
-9
Let i(c) = 4*c**2 + 2*c - 4. Suppose 4*r - 5*b - 2 = 0, -55*b + 57*b = -5*r + 19. Determine i(r).
38
Suppose -3*c - 36 = -5*u, 0*u = -4*u + 12. Let w(n) be the third derivative of -n**5/60 - n**4/3 - n**3/3 + 13*n**2. Calculate w(c).
5
Suppose 2*j = -2*h + 30, -5*j - 515 = 3*h - 588. Let z(o) = o**2 - 15*o - 9. Determine z(j).
-23
Let y be 190/70 + 2/7. Let s(r) = -y*r + 2 + 2 - r - 7. What is s(3)?
-15
Let v(w) = w**3 - 13*w**2 - 14*w + 6. Let m be v(14). Let i(f) be the second derivative of -f**4/12 + 7*f**3/6 + f**2 - 25*f. What is i(m)?
8
Let h(u) = u**2 + 7*u - 20. Let m be h(-11). Let n(g) = 4*g + 10*g**3 - 2 + 6 + 15*g**3 + 3*g**2 - m*g**3. Suppose p + 3*p + 12 = 0. Calculate n(p).
-8
Suppose x - 10 = -x. Suppose -3*i - 24 = 4*b, -3*i = -x*b - 0 - 3. Let h(g) = g + 5. What is h(i)?
1
Let n(a) = -a**2 + 8*a - 2. Let k(y) = -7*y**2 + 22*y + 23. Let s(l) = -20*l**2 + 65*l + 69. Let c(p) = -17*k(p) + 6*s(p). Let i be c(17). Calculate n(i).
10
Let t(m) = -6*m - 5*m + 0*m + 15*m. Let h(p) = 6. Let a(j) = -j - 12. Let x(n) = -2*a(n) - 5*h(n). Let k be x(5). Calculate t(k).
16
Let a(d) be the first derivative of -1/120*d**6 - 2 - 1/10*d**5 - 5/24*d**4 + 0*d - 1/6*d**3 + 4*d**2. Let v(k) be the second derivative of a(k). Give v(-5).
-1
Let k be (405/(-20))/9*36. Let b = 83 + k. Let r(u) = 2*u**3 - u**2 - u - 1. Calculate r(b).
9
Let l be -1 - (-5 + 3 + -3 - 0). Let y(x) = -3*x + 0*x**2 + 3 + 8*x - x**2 - x. Calculate y(l).
3
Let y = 1 - 1. Let c(s) = 18*s - 2. Let g(d) = -11*d + 1. Let k(l) = 3*c(l) + 5*g(l). Calculate k(y).
-1
Let v(u) = -1452*u + 2900*u - u**2 + 6 - 1450*u + 5 + 0*u**2. Calculate v(4).
-13
Let f(a) be the first derivative of -a**3/3 - a**2/2 + 12*a + 44. Calculate f(0).
12
Suppose -182 - 376 = 31*g. Let f(h) = 2*h + 41. Calculate f(g).
5
Let c(q) be the third derivative of q**6/360 + q**5/24 - 3*q**4/8 + 5*q**3/2 - 8*q**2. Let o(k) be the first derivative of c(k). Calculate o(-7).
5
Suppose 4*a - v = -4, 5*a + 4*v + 0 = -26. Let d be -7 - a/(4 - 2). Let x(k) = -6*k - 12. Let u(z) = -z - 2. Let y(t) = d*x(t) + 39*u(t). Determine y(-5).
9
Let g(w) = w**3 + 5*w**2 - 6*w + 3. Let r be g(-6). Let o(z) = 4*z + 4. Let a(c) = -7 + 0 - 5 - 11*c. Let h(u) = r*a(u) + 8*o(u). Calculate h(-4).
0
Let d(t) be the first derivative of 10*t**3/3 - t**2 - t + 196. Give d(-2).
43
Suppose 0 = n + g + 41, -3*n + 4*g - 115 = -g. Let b be 28/n*-8 - (-3)/(-5). Let o(i) = i**3 - 7*i**2 + 6*i - 7. Determine o(b).
-27
Let u(y) = -2*y - 1. Let h(g) = -12*g - 6. Suppose t - 2*l - 3 = 5, -3*l + 15 = 3*t. Let s(p) = t*h(p) - 34*u(p). Give s(5).
-22
Let l(z) = -2*z + 21. Let d(x) = 3*x - 25. Let t(n) = 3*d(n) + 4*l(n). Determine t(-9).
0
Let q(s) = s**2 + 9*s - 1. Suppose 28*f = 2*f - 260. Determine q(f).
9
Let v(r) = -2*r + 538 + 6*r + 2*r**2 - 535. Determine v(-5).
33
Let f(l) = -11*l**2 + l + 2. Let i(n) = -9*n**2 + n + 1. Let q(y) = -5*f(y) + 6*i(y). Suppose 4*t - 7*t = 12. What is q(t)?
8
Let n(v) = -1 + 0*v - v + 3 + 0. Suppose 7*w = 5*w - 12. Determine n(w).
8
Suppose l - 25 = -4*l. Suppose 4*u - 20 = -l*y, 3*u - 5*y + 10 = -10. Let z(w) = -w - 5 - 3 + 4 - 2. Determine z(u).
-6
Let c(o) = -o**2 - 7*o - 6. Let n be c(-5). Let u(d) = -d**3 - 3*d**2 + d - 1. Let q be u(-3). Let y = n + q. Let g(x) = x - 2. Calculate g(y).
-2
Let d(j) = 6*j**3 + j - 1. Let i(f) = 3*f**2 - 1 + 6 - 3*f - 46*f**3 - f + 45*f**3. Let r be i(2). What is d(r)?
6
Let l(t) = 2*t - 13 + 13*t - 4*t + 8*t**2 + 2*t**3 - 3*t**3. Let d be l(9). Let u(x) = -x**2 + 5*x + 1. Determine u(d).
1
Suppose -9*y - 41 = -14. Let a(g) = 3*g**2 + g - 3. What is a(y)?
21
Let y(p) = -p + 4. Let i = 59 - 59. Let c be (0 - (-4 - -3))*i. What is y(c)?
4
Suppose -h + 84 = h. Let q(c) = -43*c - h*c - 4 + 86*c. Calculate q(5).
1
Let n(v) = 7*v - 3. Let t be n(1). Let u be 0 + (-3 - 0) + t. Let h(q) = 11*q**3 + 2*q - 1. What is h(u)?
12
Let n = 1 - 1. Let q(v) = 7*v**2 + v + 9. Let y(w) = 6 - 43*w + 12 + 15*w**2 + 45*w. Let m(f) = 13*q(f) - 6*y(f). Calculate m(n).
9
Let v(z) = -2*z**2 - 17*z + 4. Let i be v(-8). Suppose -m = -4*m + i. Let y(k) = 2*k - 2. Calculate y(m).
6
Let d(v) = 2. Let y(q) = q - 3. Let j(p) = -8*d(p) - 5*y(p). Determine j(-3).
14
Let w(k) = -k**3 - 3*k**2 - 3*k - 2. Let a be 2*1 + 0/(-6). Suppose -3*d + 2*b = -2*d - 1, a*d + b - 22 = 0. Let z = d + -12. Determine w(z).
7
Suppose 20 = -5*u, 16 = 6*j - 2*j - u. Let q(x) = 15*x + 1. What is q(j)?
46
Let q(i) = i**2 - 2*i + 1. Let u be q(2). Let j = 3 + 0. Let p(r) = 1 + j*r - 7*r**3 - 2*r - 4 + 2 - r**2. Calculate p(u).
-8
Let s(u) = 4*u - 3. Let q(z) = z**2 - 17*z + 62. Let f be q(12). What is s(f)?
5
Let u(k) = 1. Let x(c) = c + 9. Let g(w) = -1. Let q(j) = 3*g(j) + x(j). Let n(a) = q(a) - 6*u(a). Give n(-2).
-2
Let q(p) = -p**3 - 10*p**2 - p + 8. Let u(f) = 2*f**3 + 22*f**2 + 4*f - 16. Let s(a) = 5*q(a) + 2*u(a). Let t be 1/1*0 - 6. Calculate s(t).
-10
Let p(v) = -v**3 - 15*v**2 - 16*v - 4. Let r = -925 + 911. Give p(r).
24
Let h be (12/(-9) - -1)*(-3 + -15). Let u(n) = -2*n - 10*n**2 + h*n**2 + n**3 + 5*n**2. Give u(2).
8
Let o = -35 - -31. Let a(y) = 15*y**3 + 23*y**2 + 8*y + 9. Let m(j) = -7*j**3 - 11*j**2 - 4*j - 4. Let k(g) = -6*a(g) - 13*m(g). Determine k(o).
-2
Let t(r) be the third derivative of -r**5/60 - r**4/8 + r**3/3 + 5*r**2 - 11*r. What is t(-6)?
-16
Let n(d) be the first derivative of d**4/4 + 4*d**3/3 - 3*d**2/2 + 2*d - 395. Give n(-5).
-8
Suppose d - m = 11 - 4, -2*m = -5*d + 23. Let l(g) = 0*g - d*g + 2 + 2*g + 2. What is l(8)?
-4
Let w be -5 - (-35)/(30/6). Let d(n) = -n**3 + 3*n**2 - 3*n. What is d(w)?
-2
Let c(q) = 0*q**3 + 2*q + 0*q**3 + 4 - 3 - q**3. Let z be (-9)/6*(4/(-3) - 0). Determine c(z).
-3
Let f(j) = -2*j**2 + 3*j + 3. Let h be 4/(-2) - 3 - -11. What is f(h)?
-51
Let w(j) = 4*j**2 + 5*j + 1. Let r be w(-2). Let z(s) = -2*s + 10. Determine z(r).
-4
Let g(i) = 6243 + 2*i + 6241 - 12491. Determine g(7).
7
Let g(o) = 3*o - 4. Let k(a) = -2*a + 2. Let y(p) = 3*g(p) + 4*k(p). Give y(3).
-1
Let z(y) = -y - 1. Let u be (-3 + 16/6)/(1/3). What is z(u)?
0
Let x(t) = -3*t + 2. Let a(q) = q**3 - 5*q + 3. Let p(s) = -3*a(s) + 5*x(s). Let h(n) = -n**2. Let y(k) = h(k) + p(k). Give y(-1).
3
Let w(t) be the second derivative of 20*t + 0*t**3 + 0 - 1/4*t**4 - 3/2*t**2. Give w(-3).
-30
Let l(q) = -3*q**2 - 2*q + 6. Let y(z) = 4*z**2 + 3*z - 7. Let n(g) = -3*l(g) - 2*y(g). Let d(s) = -s**3 + 8*s**2 + 9*s. Let x